c(g) = -1740*g + 2593. Is c(-17) prime?
True
Let r = 622449 + -422231. Suppose 23*f - 544735 = -r. Is f a prime number?
False
Let k = 192532 + -27651. Is k composite?
False
Suppose 5*c - 131717 - 104503 = 5*z, 9 = 3*z. Is c prime?
False
Let d = -8945 - -30858. Is d composite?
True
Let b be (3 - (-6 + 5)) + -1. Suppose b*m = 12 + 15. Is ((-3)/m)/((-3)/5715) prime?
False
Suppose 3*j - 65 = -5*n, 5*n = 4*n + 5*j - 15. Let w(t) = 3*t + 3. Let h(c) = -2*c**2 + 29*c + 23. Let q(v) = -h(v) + 4*w(v). Is q(n) prime?
True
Let n = 1947 - 1943. Suppose -3 = -3*u - m + 1, -2*m - 7 = u. Suppose -3*l - 16 = l, -n*l = -u*f + 1417. Is f a composite number?
False
Suppose -t = -22 - 587. Suppose -1709 = 2*f - v, 4*f - 3*v + 3209 = -206. Let p = t - f. Is p prime?
False
Is -2 - (-29904335)/(-61)*-1*3 a composite number?
True
Let g(t) = -t**3 + 7*t**2 - 25*t + 47. Let u be g(3). Let a be (-4)/(-10) + 12528/5. Suppose u*q - 6*q = a. Is q composite?
True
Let q(n) = -13*n**2 - 1767*n + 11. Is q(-100) composite?
True
Let v(f) = -4*f**3 + 2*f**2 + 3*f - 3. Let s be v(2). Let l = s + 21. Suppose -4*p + 5*n + 136 = 0, -p + l*n + 3*n = -34. Is p a composite number?
True
Suppose -89*r + 47*r = -48342. Is r composite?
False
Let d(n) = -n**3 - 117*n**2 - 206*n - 1033. Is d(-121) composite?
False
Let h be (-53952)/44 - 4/(-22). Let b = 3333 - h. Is b a prime number?
False
Let f = -71 - -74. Let w(i) = -34*i**2 - 8*i + 3. Let c be w(f). Let g = -136 - c. Is g a prime number?
True
Let v(x) = 11*x + 6. Let s be v(-2). Let m be (s/5 - -3)*0. Suppose -5*r + r - 433 = -5*z, m = -2*z + 3*r + 169. Is z a composite number?
False
Let k be (35/14)/(1/2). Suppose -50 = -t - k. Let f = t + 1356. Is f prime?
False
Let p = -2764 + 4414. Let t = p + -331. Is t a composite number?
False
Let r be (-1 + 828)/((-13)/(-78)*2). Let d = -2372 - -1350. Let l = d + r. Is l a composite number?
False
Suppose 6*z - 24 + 12 = 0. Let w be 5*4/z*1/2. Suppose -11704 = -w*g - 3*j, -4*g - g + j = -11692. Is g prime?
True
Let d be (2/9 + (-1)/(-9))*3. Let j(b) = b**3 - 2*b**2 + b. Let r be j(d). Suppose r*u = 6*u - 11670. Is u composite?
True
Suppose -45*n + 58274 + 76265 = 14974. Is n prime?
True
Let k = 57468 - 6616. Suppose 1188*b = 1192*b - k. Is b prime?
True
Is 118/(-767) + ((-2536591)/(-26))/((-4)/(-24)) composite?
False
Suppose 5*w + 10*w - 315 = 0. Let b(q) = 17*q + 38. Is b(w) a prime number?
False
Let x be ((-18)/24)/((-6)/56). Let c(f) = 34*f**2 + 3*f + 22. Is c(x) a composite number?
False
Let f(k) = 346*k**2 + 2*k + 8. Let y be f(-2). Let z = y + 707. Is z prime?
False
Suppose -88*u + 10*u + 1092 = 0. Let m(w) = -13*w + 5. Let o be m(-4). Let v = u + o. Is v composite?
False
Let d(w) = -25401*w + 3818. Is d(-13) a prime number?
True
Suppose 3*m + 33021 = -5*w + 194338, -4*w - 107574 = -2*m. Is m composite?
True
Let i(p) = -137133*p - 16883. Is i(-10) a composite number?
True
Suppose -14*l + 17*l - 1005 = 0. Suppose -l = -40*z + 35*z. Is (-3 + 2)*(2 - 7*z) prime?
True
Suppose 8*d + 9540369 + 5386788 = 71*d. Is d a prime number?
False
Let a = 47995 - 20322. Is a a composite number?
False
Let m = -2 - -4. Let o(p) = -19*p - 116. Let l be o(-6). Is (m/(-4)*-1801)/(l/(-4)) composite?
False
Suppose 129 = 69*j - 72*j. Let s = 46 + j. Suppose -9*u + 4*u + 2*x = -2405, s*x = u - 494. Is u composite?
False
Let q(w) = 50777*w - 731. Is q(6) a prime number?
True
Suppose 30 = -2*k + a - 7, 52 = -3*k - 2*a. Is (19 + k)*(337 + 0 + 0) a composite number?
False
Let r(f) = 31*f**3 - 12*f**2 + 21*f - 11. Let p be r(6). Suppose 2*s - 957 = p. Suppose 4*y - s = 792. Is y a composite number?
True
Let b(h) = h**2 + 35*h - 109. Is b(59) a prime number?
True
Let i(v) = 7*v**2 + 27*v - 419. Is i(20) a prime number?
False
Let n(b) = 6321*b - 28. Let i be n(4). Suppose 28*z - 403900 = -i. Is z composite?
False
Let f = 20464 + -1857. Is f composite?
True
Let c(l) = -64977*l + 4712. Is c(-7) composite?
True
Suppose -c - 2452 = -6408. Let o = 20743 - c. Is o composite?
False
Let s = 38 - 34. Suppose -2*l + 28156 = s*n, n + 0*l = 4*l + 7048. Suppose y - 4 = 0, 5*u = -3*y + n - 753. Is u a composite number?
True
Let a(c) = -c**3 - 12*c**2 + 13*c + 25. Let s be a(-13). Let o be (-10)/s*-5 - -32884. Is o/8 + -1 + (-10)/(-8) prime?
True
Suppose 9*l - 1207 = -10873. Let n = -755 - l. Is n prime?
False
Let i(q) = 13*q**3 + q**2 - 2*q - 6. Let c be i(6). Let j(w) = -w**3 + w**2 + w + 1. Let x be j(-2). Suppose -x*p + c = -5*p. Is p a composite number?
True
Suppose -6*k - 10*k = -480. Let w(t) = -k*t**2 + 0*t - 16*t - 15 + 36*t**2. Is w(-12) a prime number?
False
Let g(d) = -d**3 - 20*d**2 + 33*d + 41. Suppose 4 = 4*r, i + 47 = -3*i - r. Let p be ((-115)/15)/((-4)/i). Is g(p) composite?
True
Suppose -2*u + 45 = 35. Suppose 0*t + 2*s - 50749 = -u*t, -15 = 5*s. Is t prime?
True
Let r be (132/(-9))/((-4)/18). Let d = 8484 + -8493. Is (r/d)/(6/(-45)) composite?
True
Let x be (-11)/(-6) - (4 - 50/12). Is (-1)/(x/4)*7071/(-6) a composite number?
False
Let u = -19113 - -74546. Is u a prime number?
False
Suppose 0 = -5*g - 25, -24*n = -26*n + 5*g + 25. Suppose n = 7*l - 63040 + 23357. Is l a prime number?
True
Let o = -1480 - -3659. Is o prime?
True
Let f(m) = 21577*m + 1030. Is f(3) a composite number?
False
Suppose 150*r - 173*r = -7717811. Is r a composite number?
False
Let s(n) = 2*n**2 - 2*n + 1437. Suppose 7*p + 269 = -284. Let v = p - -79. Is s(v) prime?
False
Suppose 0 = -5*a - 4*c + 232815, 93138 = 2*a + 13*c - 9*c. Is a prime?
True
Let u = -44 - -50. Let q(y) = 0 + u - 3 - 2 + 836*y. Is q(2) composite?
True
Suppose 25*z + 508475 = 2*t + 30*z, -15 = 5*z. Is t composite?
True
Is (169/(-13) - -146032)*39/9 composite?
True
Let t be (-3)/(-3*1/5). Suppose 0 = t*y + 10, 5*s - 77127 = 6*y - 10*y. Is s a prime number?
True
Let m(n) = n**3 - 11*n**2 - 7*n + 65. Let b be m(11). Is 516/(b/(-3)) - 2 a prime number?
True
Let i(u) = 11*u**2 - 7 + 11*u**2 - 10*u**2 - u. Suppose 0 = 1296*p - 1300*p + 16. Is i(p) a composite number?
False
Let s be (-3)/((9/87)/(-3)) - -3. Let n = 1427 - s. Suppose -n = -3*v + 2914. Is v prime?
False
Let o = -18 - -18. Suppose -2*c - 3*c + w + 16 = o, 4*c - w = 12. Suppose 5*y + 2*h - 15097 = 0, -c*y = -5*h - 7554 - 4517. Is y composite?
False
Suppose 872184 = 12*l - 760044. Is l prime?
False
Suppose -4*i - 4*p = -782188, 3*i - 5*p = 4*i - 195531. Is i prime?
False
Suppose 4*x - 3*x - 6 = 0. Let n be 4/x*(3 + 30). Is (10/3)/(n/1353) a prime number?
False
Suppose 0 = -4*u - 26*u + 15455547 + 4476423. Is u prime?
False
Suppose 5*t + 2*s - 42000 = 0, 30*s - 31*s + 42005 = 5*t. Is t composite?
True
Let u = 136 - 109. Suppose 37*f - u*f - 94420 = 0. Is f a composite number?
True
Let p(j) = 4*j**2 - 4*j - 5. Let s(w) = -5*w**2 + 5*w + 4. Let n(t) = 4*p(t) + 3*s(t). Let k be n(-3). Suppose 0 = -8*a + k*a + 1228. Is a prime?
True
Suppose -14*s = 8*s + 6*s. Suppose s = 8*h + 13*h - 347403. Is h a prime number?
False
Suppose -c + 39732 = 21617 - 89884. Is c a composite number?
False
Let v be -4 + -343 + 0 - -2. Let f = v + 980. Is f a prime number?
False
Let p(i) = -9 + 87*i + 51*i - 3 + 251*i. Let h be p(2). Suppose 4*j - 1254 = h. Is j prime?
False
Suppose -4*f = 8*z - 4*z + 24, 9 = -3*f. Let b be 152/10*(-200)/(-16). Let m = z + b. Is m prime?
False
Let d(n) = n + 12. Let v be d(-12). Let q be 7 - 1/(1/2 - v). Let a(x) = 705*x + 20. Is a(q) a composite number?
True
Let d(v) = -5*v**3 + 5*v**2 - 2*v - 1. Let a be d(3). Let j = a - -99. Suppose j*c + 5*f - 1693 = -2*c, 4*f - 1270 = -3*c. Is c prime?
False
Suppose -68*t = 95*t - 13*t - 58707150. Is t a prime number?
False
Suppose b + b - 28 = 0. Suppose 12*k - 5*k = -b. Is (-291 + -7)*3/k composite?
True
Suppose -9*t + 41 = -13. Suppose -t = -4*w + 10. Suppose -385 + 114 = -3*f - w*u, 0 = -4*u + 16. Is f a composite number?
True
Suppose -6*c + 5*c + 8 = 0. Let h be -8012*(3 - 26/c). Let z = 6694 - h. Is z a composite number?
False
Suppose -80*i = -76*i + 284. Let y = i - -76. Suppose -4*j - 279 = -6*u + 3*u, -y*j = u - 112. Is u prime?
True
Let y(w) = w**3 + 17*w**2 - 19*w - 12. Let o be y(-18). Suppose 4*u + 14 = o*u. Let h(p) = 56*p + 5. Is h(u) composite?
False
Let m(g) = 53*g**2 + 131*g + 229. Is m(-71) a prime number?
True
Suppose 18*g = 19*g - 5*z - 2236, 2*z + 6682 